{"id":7834,"date":"2018-08-09T15:12:51","date_gmt":"2018-08-09T13:12:51","guid":{"rendered":"http:\/\/www.laligue85.org\/fra\/?page_id=7834"},"modified":"2019-03-26T17:03:25","modified_gmt":"2019-03-26T16:03:25","slug":"centre-classes-dec-st-hilaire-de-riez","status":"publish","type":"page","link":"http:\/\/www.laligue85.org\/fra\/centre-classes-dec-st-hilaire-de-riez\/","title":{"rendered":"Centre classes de d\u00e9couvertes Saint Hilaire de Riez"},"content":{"rendered":"<p>[vc_row full_width=\u00a0\u00bbstretch_row_content_no_spaces\u00a0\u00bb equal_height=\u00a0\u00bbyes\u00a0\u00bb content_placement=\u00a0\u00bbmiddle\u00a0\u00bb css=\u00a0\u00bb.vc_custom_1493830181567{padding-top: 0px !important;padding-bottom: 0px !important;}\u00a0\u00bb][vc_column width=\u00a0\u00bb1\/2&Prime; col_padding=\u00a0\u00bb7&Prime; css=\u00a0\u00bb.vc_custom_1493831472285{padding-top: 20px !important;padding-bottom: 20px !important;}\u00a0\u00bb][vc_column_text]<\/p>\n<h3>La Corniche<\/h3>\n<p>[\/vc_column_text][vc_column_text]Situ\u00e9 face \u00e0 l\u2019oc\u00e9an sur la commune de Saint Hilaire de Riez, le centre la Corniche, , offre un acc\u00e8s direct \u00e0 la Corniche Vend\u00e9enne.<\/p>\n<p><strong>Agr\u00e9ment 4 classes<\/strong>[\/vc_column_text]<div class=\"btn-holder btn-align-left\"><a href=\"http:\/\/www.laligue85.org\/fra\/blog\/2013\/12\/06\/le-centre-de-la-corniche-2\/\" title=\"\" class=\"btn btn-regular btn-solid  btn-accent btn-hover-dark btn-with-icon btn-icon-right_side_hover\" target=\" _blank\"><span>D\u00e9couvrir le centre<\/span><i class=\"fa fa-long-arrow-right\"><\/i><\/a><\/div>[\/vc_column][vc_column width=\u00a0\u00bb1\/2&Prime; col_padding_side=\u00a0\u00bbleft\u00a0\u00bb css=\u00a0\u00bb.vc_custom_1533820721651{background-position: center !important;background-repeat: no-repeat !important;background-size: cover !important;}\u00a0\u00bb][vc_single_image image=\u00a0\u00bb23&Prime;][\/vc_column][\/vc_row][vc_row css=\u00a0\u00bb.vc_custom_1494854759706{padding-top: 70px !important;padding-bottom: 50px !important;}\u00a0\u00bb][vc_column]<div class=\"special-heading vntd-heading heading-no-border heading-align-center\"style=\"margin-bottom:60px;\"><h3 class=\"special-heading-title\">Plus d&#039;informations pour pr\u00e9parer son s\u00e9jour \u00e9ducatif<\/h3><\/div>[vc_row_inner][vc_column_inner width=\u00a0\u00bb1\/4&Prime; css=\u00a0\u00bb.vc_custom_1494854641565{padding-right: 20px !important;}\u00a0\u00bb][vc_single_image image=\u00a0\u00bb9011&Prime; img_size=\u00a0\u00bb600&#215;500&Prime;][vc_column_text css=\u00a0\u00bb.vc_custom_1533819493448{margin-bottom: 15px !important;}\u00a0\u00bb]<\/p>\n<h4 style=\"text-align: center;\">Nouvelles th\u00e9matiques : film d&rsquo;animation<\/h4>\n<p>[\/vc_column_text][vc_column_text]<\/p>\n<p class=\"p1\" style=\"text-align: center;\">Vos \u00e9l\u00e8ves n\u2019arr\u00eatent pas de parler de dessins anim\u00e9s? Utilisez leur sujet de conversation pr\u00e9f\u00e9r\u00e9 pour leur faire d\u00e9couvrir toutes les techniques du film d\u2019animation et les effets sur la perception r\u00e9tinienne.<\/p>\n<p>[\/vc_column_text]<div class=\"btn-holder btn-align-left\"><a href=\"http:\/\/www.laligue85.org\/fra\/blog\/2019\/03\/26\/un-apres-midi-en-classe-decouverte\/\" title=\"\" class=\"btn btn-regular btn-solid  btn-accent btn-hover-dark\" target=\" _blank\">D\u00e9couvrir la th\u00e9matique<\/a><\/div>[\/vc_column_inner][vc_column_inner width=\u00a0\u00bb1\/4&Prime; css=\u00a0\u00bb.vc_custom_1494854662963{padding-right: 20px !important;padding-left: 20px !important;}\u00a0\u00bb][vc_single_image image=\u00a0\u00bb3146&Prime; img_size=\u00a0\u00bb600&#215;500&Prime;][vc_column_text css=\u00a0\u00bb.vc_custom_1533819514804{margin-bottom: 15px !important;}\u00a0\u00bb]<\/p>\n<h4 style=\"text-align: center;\">D\u00e9couverte sensorielle de la dune<\/h4>\n<p>[\/vc_column_text][vc_column_text]<\/p>\n<p class=\"p1\" style=\"text-align: center;\">D\u00e9part \u00e0 pied du centre pour arriver vers la plage de Sion o\u00f9 les enfants vont d\u00e9couvrir durant tout l\u2019apr\u00e8s-midi la Dune. Nicolas, l\u2019animateur, commence par rassembler les enfants en les asseyant par terre pour d\u00e9buter le conte de la dune.<\/p>\n<p>[\/vc_column_text]<div class=\"btn-holder btn-align-left\"><a href=\"http:\/\/www.laligue85.org\/fra\/blog\/2017\/06\/01\/une-decouverte-sensorielle-de-la-dune-pour-les-enfants-2\/\" title=\"\" class=\"btn btn-regular btn-solid  btn-accent btn-hover-dark\" target=\" _blank\">Lire la suite<\/a><\/div>[\/vc_column_inner][vc_column_inner width=\u00a0\u00bb1\/4&Prime; css=\u00a0\u00bb.vc_custom_1494854666876{padding-left: 20px !important;}\u00a0\u00bb][vc_single_image image=\u00a0\u00bb7761&Prime; img_size=\u00a0\u00bb600&#215;500&Prime;][vc_column_text css=\u00a0\u00bb.vc_custom_1533819639514{margin-bottom: 15px !important;}\u00a0\u00bb]<\/p>\n<h4 style=\"text-align: center;\">Documents utiles<\/h4>\n<p>[\/vc_column_text][vc_column_text]<\/p>\n<p class=\"p1\" style=\"text-align: center;\">Pr\u00e9parez votre s\u00e9jour \u00e0 Saint Hilaire de Riez et d\u00e9couvrez les activit\u00e9s et les s\u00e9jours via notre guide pratique pour construire une classe d\u00e9couverte et nos programmes type (milieu marin, sports nautiques, gastronomie, patrimoine).<\/p>\n<p>[\/vc_column_text]<div class=\"btn-holder btn-align-left\"><a href=\"http:\/\/www.laligue85.org\/fra\/blog\/2013\/11\/08\/documentations-utiles-2\/\" title=\"\" class=\"btn btn-regular btn-solid  btn-accent btn-hover-dark\" target=\" _blank\">D\u00e9couvrir<\/a><\/div>[\/vc_column_inner][vc_column_inner width=\u00a0\u00bb1\/4&Prime;][vc_video link=\u00a0\u00bbhttps:\/\/youtu.be\/MzWxXLiTrrE\u00a0\u00bb][vc_column_text]<\/p>\n<h4>Projet \u00e9ducatif<\/h4>\n<p>[\/vc_column_text][vc_column_text]Pour que chaque enfant reparte grandi, enrichi, \u00e9panoui \u00e0 l\u2019issue d\u2019un s\u00e9jour, nous nous appuyons sur un projet \u00e9ducatif qui fait sens.<br \/>\nUn projet port\u00e9 par 6 valeurs fondamentales\u00a0:\u00a0la\u00efcit\u00e9, diversit\u00e9\/\u00e9galit\u00e9, citoyennet\u00e9, solidarit\u00e9\/engagement, d\u00e9mocratie, \u00e9mancipation\/socialisation.[\/vc_column_text][\/vc_column_inner][\/vc_row_inner][\/vc_column][\/vc_row]<\/p>\n","protected":false},"excerpt":{"rendered":"<p>[vc_row full_width=\u00a0\u00bbstretch_row_content_no_spaces\u00a0\u00bb equal_height=\u00a0\u00bbyes\u00a0\u00bb content_placement=\u00a0\u00bbmiddle\u00a0\u00bb css=\u00a0\u00bb.vc_custom_1493830181567{padding-top: 0px !important;padding-bottom: 0px !important;}\u00a0\u00bb][vc_column width=\u00a0\u00bb1\/2&Prime; col_padding=\u00a0\u00bb7&Prime; css=\u00a0\u00bb.vc_custom_1493831472285{padding-top: 20px !important;padding-bottom: 20px !important;}\u00a0\u00bb][vc_column_text] La Corniche [\/vc_column_text][vc_column_text]Situ\u00e9 face \u00e0 l\u2019oc\u00e9an sur la commune de Saint Hilaire de Riez, le centre la Corniche, , offre un acc\u00e8s direct \u00e0 la Corniche Vend\u00e9enne. Agr\u00e9ment 4 classes[\/vc_column_text][\/vc_column][vc_column width=\u00a0\u00bb1\/2&Prime; col_padding_side=\u00a0\u00bbleft\u00a0\u00bb css=\u00a0\u00bb.vc_custom_1533820721651{background-position: center [&hellip;]<\/p>\n","protected":false},"author":2,"featured_media":0,"parent":0,"menu_order":0,"comment_status":"closed","ping_status":"closed","template":"","meta":{"jetpack_post_was_ever_published":false,"footnotes":""},"class_list":["post-7834","page","type-page","status-publish","hentry"],"yoast_head":"<!-- This site is optimized with the Yoast SEO plugin v20.0 - https:\/\/yoast.com\/wordpress\/plugins\/seo\/ -->\n<title>Centre classes de d\u00e9couvertes Saint Hilaire de Riez - La Ligue de l&#039;Enseignement de Vend\u00e9e<\/title>\n<meta name=\"description\" content=\"Face \u00e0 la mer \u00e0 Saint Hilaire de Riez notre centre accueille vos classes de d\u00e9couvertes pour des s\u00e9jours nautiques,milieu marin.Les pieds dans l&#039;eau\" \/>\n<meta name=\"robots\" content=\"index, follow, max-snippet:-1, max-image-preview:large, max-video-preview:-1\" \/>\n<link rel=\"canonical\" href=\"https:\/\/www.laligue85.org\/fra\/centre-classes-dec-st-hilaire-de-riez\/\" \/>\n<meta property=\"og:locale\" content=\"fr_FR\" \/>\n<meta property=\"og:type\" content=\"article\" \/>\n<meta property=\"og:title\" content=\"Centre classes de d\u00e9couvertes Saint Hilaire de Riez - La Ligue de l&#039;Enseignement de Vend\u00e9e\" \/>\n<meta property=\"og:description\" content=\"Face \u00e0 la mer \u00e0 Saint Hilaire de Riez notre centre accueille vos classes de d\u00e9couvertes pour des s\u00e9jours nautiques,milieu marin.Les pieds dans l&#039;eau\" \/>\n<meta property=\"og:url\" content=\"https:\/\/www.laligue85.org\/fra\/centre-classes-dec-st-hilaire-de-riez\/\" \/>\n<meta property=\"og:site_name\" content=\"La Ligue de l&#039;Enseignement de Vend\u00e9e\" \/>\n<meta property=\"article:modified_time\" content=\"2019-03-26T16:03:25+00:00\" \/>\n<meta name=\"twitter:card\" content=\"summary_large_image\" \/>\n<meta name=\"twitter:label1\" content=\"Dur\u00e9e de lecture estim\u00e9e\" \/>\n\t<meta name=\"twitter:data1\" content=\"3 minutes\" \/>\n<script type=\"application\/ld+json\" class=\"yoast-schema-graph\">{\"@context\":\"https:\/\/schema.org\",\"@graph\":[{\"@type\":\"WebPage\",\"@id\":\"https:\/\/www.laligue85.org\/fra\/centre-classes-dec-st-hilaire-de-riez\/\",\"url\":\"https:\/\/www.laligue85.org\/fra\/centre-classes-dec-st-hilaire-de-riez\/\",\"name\":\"Centre classes de d\u00e9couvertes Saint Hilaire de Riez - La Ligue de l&#039;Enseignement de Vend\u00e9e\",\"isPartOf\":{\"@id\":\"https:\/\/www.laligue85.org\/fra\/#website\"},\"datePublished\":\"2018-08-09T13:12:51+00:00\",\"dateModified\":\"2019-03-26T16:03:25+00:00\",\"description\":\"Face \u00e0 la mer \u00e0 Saint Hilaire de Riez notre centre accueille vos classes de d\u00e9couvertes pour des s\u00e9jours nautiques,milieu marin.Les pieds dans l'eau\",\"breadcrumb\":{\"@id\":\"https:\/\/www.laligue85.org\/fra\/centre-classes-dec-st-hilaire-de-riez\/#breadcrumb\"},\"inLanguage\":\"fr-FR\",\"potentialAction\":[{\"@type\":\"ReadAction\",\"target\":[\"https:\/\/www.laligue85.org\/fra\/centre-classes-dec-st-hilaire-de-riez\/\"]}]},{\"@type\":\"BreadcrumbList\",\"@id\":\"https:\/\/www.laligue85.org\/fra\/centre-classes-dec-st-hilaire-de-riez\/#breadcrumb\",\"itemListElement\":[{\"@type\":\"ListItem\",\"position\":1,\"name\":\"Accueil\",\"item\":\"https:\/\/www.laligue85.org\/fra\/\"},{\"@type\":\"ListItem\",\"position\":2,\"name\":\"Centre classes de d\u00e9couvertes Saint Hilaire de Riez\"}]},{\"@type\":\"WebSite\",\"@id\":\"https:\/\/www.laligue85.org\/fra\/#website\",\"url\":\"https:\/\/www.laligue85.org\/fra\/\",\"name\":\"La Ligue de l&#039;Enseignement de Vend\u00e9e\",\"description\":\"F\u00e9d\u00e9ration d&#039;\u00e9ducation populaire\",\"potentialAction\":[{\"@type\":\"SearchAction\",\"target\":{\"@type\":\"EntryPoint\",\"urlTemplate\":\"https:\/\/www.laligue85.org\/fra\/?s={search_term_string}\"},\"query-input\":\"required name=search_term_string\"}],\"inLanguage\":\"fr-FR\"}]}<\/script>\n<!-- \/ Yoast SEO plugin. -->","yoast_head_json":{"title":"Centre classes de d\u00e9couvertes Saint Hilaire de Riez - La Ligue de l&#039;Enseignement de Vend\u00e9e","description":"Face \u00e0 la mer \u00e0 Saint Hilaire de Riez notre centre accueille vos classes de d\u00e9couvertes pour des s\u00e9jours nautiques,milieu marin.Les pieds dans l'eau","robots":{"index":"index","follow":"follow","max-snippet":"max-snippet:-1","max-image-preview":"max-image-preview:large","max-video-preview":"max-video-preview:-1"},"canonical":"https:\/\/www.laligue85.org\/fra\/centre-classes-dec-st-hilaire-de-riez\/","og_locale":"fr_FR","og_type":"article","og_title":"Centre classes de d\u00e9couvertes Saint Hilaire de Riez - La Ligue de l&#039;Enseignement de Vend\u00e9e","og_description":"Face \u00e0 la mer \u00e0 Saint Hilaire de Riez notre centre accueille vos classes de d\u00e9couvertes pour des s\u00e9jours nautiques,milieu marin.Les pieds dans l'eau","og_url":"https:\/\/www.laligue85.org\/fra\/centre-classes-dec-st-hilaire-de-riez\/","og_site_name":"La Ligue de l&#039;Enseignement de Vend\u00e9e","article_modified_time":"2019-03-26T16:03:25+00:00","twitter_card":"summary_large_image","twitter_misc":{"Dur\u00e9e de lecture estim\u00e9e":"3 minutes"},"schema":{"@context":"https:\/\/schema.org","@graph":[{"@type":"WebPage","@id":"https:\/\/www.laligue85.org\/fra\/centre-classes-dec-st-hilaire-de-riez\/","url":"https:\/\/www.laligue85.org\/fra\/centre-classes-dec-st-hilaire-de-riez\/","name":"Centre classes de d\u00e9couvertes Saint Hilaire de Riez - La Ligue de l&#039;Enseignement de Vend\u00e9e","isPartOf":{"@id":"https:\/\/www.laligue85.org\/fra\/#website"},"datePublished":"2018-08-09T13:12:51+00:00","dateModified":"2019-03-26T16:03:25+00:00","description":"Face \u00e0 la mer \u00e0 Saint Hilaire de Riez notre centre accueille vos classes de d\u00e9couvertes pour des s\u00e9jours nautiques,milieu marin.Les pieds dans l'eau","breadcrumb":{"@id":"https:\/\/www.laligue85.org\/fra\/centre-classes-dec-st-hilaire-de-riez\/#breadcrumb"},"inLanguage":"fr-FR","potentialAction":[{"@type":"ReadAction","target":["https:\/\/www.laligue85.org\/fra\/centre-classes-dec-st-hilaire-de-riez\/"]}]},{"@type":"BreadcrumbList","@id":"https:\/\/www.laligue85.org\/fra\/centre-classes-dec-st-hilaire-de-riez\/#breadcrumb","itemListElement":[{"@type":"ListItem","position":1,"name":"Accueil","item":"https:\/\/www.laligue85.org\/fra\/"},{"@type":"ListItem","position":2,"name":"Centre classes de d\u00e9couvertes Saint Hilaire de Riez"}]},{"@type":"WebSite","@id":"https:\/\/www.laligue85.org\/fra\/#website","url":"https:\/\/www.laligue85.org\/fra\/","name":"La Ligue de l&#039;Enseignement de Vend\u00e9e","description":"F\u00e9d\u00e9ration d&#039;\u00e9ducation populaire","potentialAction":[{"@type":"SearchAction","target":{"@type":"EntryPoint","urlTemplate":"https:\/\/www.laligue85.org\/fra\/?s={search_term_string}"},"query-input":"required name=search_term_string"}],"inLanguage":"fr-FR"}]}},"jetpack_shortlink":"https:\/\/wp.me\/P9Chnq-22m","_links":{"self":[{"href":"http:\/\/www.laligue85.org\/fra\/wp-json\/wp\/v2\/pages\/7834","targetHints":{"allow":["GET"]}}],"collection":[{"href":"http:\/\/www.laligue85.org\/fra\/wp-json\/wp\/v2\/pages"}],"about":[{"href":"http:\/\/www.laligue85.org\/fra\/wp-json\/wp\/v2\/types\/page"}],"author":[{"embeddable":true,"href":"http:\/\/www.laligue85.org\/fra\/wp-json\/wp\/v2\/users\/2"}],"replies":[{"embeddable":true,"href":"http:\/\/www.laligue85.org\/fra\/wp-json\/wp\/v2\/comments?post=7834"}],"version-history":[{"count":8,"href":"http:\/\/www.laligue85.org\/fra\/wp-json\/wp\/v2\/pages\/7834\/revisions"}],"predecessor-version":[{"id":9086,"href":"http:\/\/www.laligue85.org\/fra\/wp-json\/wp\/v2\/pages\/7834\/revisions\/9086"}],"wp:attachment":[{"href":"http:\/\/www.laligue85.org\/fra\/wp-json\/wp\/v2\/media?parent=7834"}],"curies":[{"name":"wp","href":"https:\/\/api.w.org\/{rel}","templated":true}]}}