{"id":325,"date":"2020-12-08T16:44:39","date_gmt":"2020-12-08T15:44:39","guid":{"rendered":"http:\/\/www.laligue85.org\/fra\/lireetfairelire85\/?page_id=325"},"modified":"2020-12-15T16:00:12","modified_gmt":"2020-12-15T15:00:12","slug":"formations","status":"publish","type":"page","link":"https:\/\/www.laligue85.org\/fra\/lireetfairelire85\/formations\/","title":{"rendered":"Formations"},"content":{"rendered":"<p>[vc_row][vc_column][vc_empty_space][\/vc_column][\/vc_row][vc_row][vc_column][vc_column_text]<\/p>\n<h1>Formations<\/h1>\n<p>Depuis la mise en place du dispositif, chaque coordination d\u00e9partementale s\u2019efforce de proposer aux b\u00e9n\u00e9voles des temps d\u2019\u00e9changes et de rencontres, avec les coordinateurs, certes, mais \u00e9galement avec des professionnels du livre, de l\u2019enfant, de l\u2019\u00e9crit ou de la mise en voix de textes.<\/p>\n<p>Les b\u00e9n\u00e9voles expriment parfois des exigences fortes vis-vis de leurs coordinateurs, auxquelles nous nous devons de r\u00e9pondre, notamment en raison du temps et de l\u2019\u00e9nergie qu\u2019ils consacrent gracieusement \u00e0 Lire et Faire Lire.<\/p>\n<p>Cependant, nous aussi sommes tenus \u00e0 une certaine forme d\u2019exigence vis-\u00e0-vis des b\u00e9n\u00e9voles, afin d\u2019assurer la qualit\u00e9 des interventions et la p\u00e9rennit\u00e9 du dispositif. La formation est, dans le contexte des partenariats que nous engageons, une obligation et une garantie de la qualit\u00e9 de l\u2019action de Lire et Faire Lire.<\/p>\n\n\t\t<style type=\"text\/css\">\n\t\t\t#gallery-1 {\n\t\t\t\tmargin: auto;\n\t\t\t}\n\t\t\t#gallery-1 .gallery-item {\n\t\t\t\tfloat: left;\n\t\t\t\tmargin-top: 10px;\n\t\t\t\ttext-align: center;\n\t\t\t\twidth: 33%;\n\t\t\t}\n\t\t\t#gallery-1 img {\n\t\t\t\tborder: 2px solid #cfcfcf;\n\t\t\t}\n\t\t\t#gallery-1 .gallery-caption {\n\t\t\t\tmargin-left: 0;\n\t\t\t}\n\t\t\t\/* see gallery_shortcode() in wp-includes\/media.php *\/\n\t\t<\/style>\n\t\t<div id='gallery-1' class='gallery galleryid-325 gallery-columns-3 gallery-size-engage-masonry-square'><dl class='gallery-item'>\n\t\t\t<dt class='gallery-icon landscape'>\n\t\t\t\t<a href='https:\/\/www.laligue85.org\/fra\/lireetfairelire85\/20181015_111241\/'><img loading=\"lazy\" decoding=\"async\" width=\"600\" height=\"600\" src=\"https:\/\/www.laligue85.org\/fra\/lireetfairelire85\/wp-content\/uploads\/sites\/6\/2020\/05\/20181015_111241-600x600.jpg\" class=\"attachment-engage-masonry-square size-engage-masonry-square\" alt=\"\" srcset=\"https:\/\/www.laligue85.org\/fra\/lireetfairelire85\/wp-content\/uploads\/sites\/6\/2020\/05\/20181015_111241-600x600.jpg 600w, https:\/\/www.laligue85.org\/fra\/lireetfairelire85\/wp-content\/uploads\/sites\/6\/2020\/05\/20181015_111241-150x150.jpg 150w\" sizes=\"auto, (max-width: 600px) 100vw, 600px\" \/><\/a>\n\t\t\t<\/dt><\/dl><dl class='gallery-item'>\n\t\t\t<dt class='gallery-icon landscape'>\n\t\t\t\t<a href='https:\/\/www.laligue85.org\/fra\/lireetfairelire85\/formation-octobre-20143\/'><img loading=\"lazy\" decoding=\"async\" width=\"600\" height=\"600\" src=\"https:\/\/www.laligue85.org\/fra\/lireetfairelire85\/wp-content\/uploads\/sites\/6\/2020\/05\/formation-octobre-20143-600x600.jpg\" class=\"attachment-engage-masonry-square size-engage-masonry-square\" alt=\"\" srcset=\"https:\/\/www.laligue85.org\/fra\/lireetfairelire85\/wp-content\/uploads\/sites\/6\/2020\/05\/formation-octobre-20143-600x600.jpg 600w, https:\/\/www.laligue85.org\/fra\/lireetfairelire85\/wp-content\/uploads\/sites\/6\/2020\/05\/formation-octobre-20143-150x150.jpg 150w\" sizes=\"auto, (max-width: 600px) 100vw, 600px\" \/><\/a>\n\t\t\t<\/dt><\/dl><dl class='gallery-item'>\n\t\t\t<dt class='gallery-icon landscape'>\n\t\t\t\t<a href='https:\/\/www.laligue85.org\/fra\/lireetfairelire85\/photo-petit-groupe-2-1\/'><img loading=\"lazy\" decoding=\"async\" width=\"600\" height=\"600\" src=\"https:\/\/www.laligue85.org\/fra\/lireetfairelire85\/wp-content\/uploads\/sites\/6\/2020\/05\/Photo-petit-groupe-2-1-600x600.jpg\" class=\"attachment-engage-masonry-square size-engage-masonry-square\" alt=\"\" srcset=\"https:\/\/www.laligue85.org\/fra\/lireetfairelire85\/wp-content\/uploads\/sites\/6\/2020\/05\/Photo-petit-groupe-2-1-600x600.jpg 600w, https:\/\/www.laligue85.org\/fra\/lireetfairelire85\/wp-content\/uploads\/sites\/6\/2020\/05\/Photo-petit-groupe-2-1-150x150.jpg 150w\" sizes=\"auto, (max-width: 600px) 100vw, 600px\" \/><\/a>\n\t\t\t<\/dt><\/dl><br style=\"clear: both\" \/><dl class='gallery-item'>\n\t\t\t<dt class='gallery-icon landscape'>\n\t\t\t\t<a href='https:\/\/www.laligue85.org\/fra\/lireetfairelire85\/20180615_142318-2\/'><img loading=\"lazy\" decoding=\"async\" width=\"600\" height=\"600\" src=\"https:\/\/www.laligue85.org\/fra\/lireetfairelire85\/wp-content\/uploads\/sites\/6\/2020\/05\/20180615_142318-2-600x600.jpg\" class=\"attachment-engage-masonry-square size-engage-masonry-square\" alt=\"\" srcset=\"https:\/\/www.laligue85.org\/fra\/lireetfairelire85\/wp-content\/uploads\/sites\/6\/2020\/05\/20180615_142318-2-600x600.jpg 600w, https:\/\/www.laligue85.org\/fra\/lireetfairelire85\/wp-content\/uploads\/sites\/6\/2020\/05\/20180615_142318-2-150x150.jpg 150w\" sizes=\"auto, (max-width: 600px) 100vw, 600px\" \/><\/a>\n\t\t\t<\/dt><\/dl><dl class='gallery-item'>\n\t\t\t<dt class='gallery-icon landscape'>\n\t\t\t\t<a href='https:\/\/www.laligue85.org\/fra\/lireetfairelire85\/2020\/05\/27\/accueil-des-nouveaux-benevoles\/lfl4\/'><img loading=\"lazy\" decoding=\"async\" width=\"600\" height=\"600\" src=\"https:\/\/www.laligue85.org\/fra\/lireetfairelire85\/wp-content\/uploads\/sites\/6\/2020\/05\/lfl4-600x600.png\" class=\"attachment-engage-masonry-square size-engage-masonry-square\" alt=\"\" srcset=\"https:\/\/www.laligue85.org\/fra\/lireetfairelire85\/wp-content\/uploads\/sites\/6\/2020\/05\/lfl4-600x600.png 600w, https:\/\/www.laligue85.org\/fra\/lireetfairelire85\/wp-content\/uploads\/sites\/6\/2020\/05\/lfl4-150x150.png 150w\" sizes=\"auto, (max-width: 600px) 100vw, 600px\" \/><\/a>\n\t\t\t<\/dt><\/dl><dl class='gallery-item'>\n\t\t\t<dt class='gallery-icon landscape'>\n\t\t\t\t<a href='https:\/\/www.laligue85.org\/fra\/lireetfairelire85\/2020\/05\/27\/rencontre-avec-alfred-auteur-et-illustrateur-de-bande-dessinee\/dsc_0044-900x\/'><img loading=\"lazy\" decoding=\"async\" width=\"600\" height=\"574\" src=\"https:\/\/www.laligue85.org\/fra\/lireetfairelire85\/wp-content\/uploads\/sites\/6\/2020\/05\/DSC_0044-900x-600x574.jpg\" class=\"attachment-engage-masonry-square size-engage-masonry-square\" alt=\"\" \/><\/a>\n\t\t\t<\/dt><\/dl><br style=\"clear: both\" \/>\n\t\t<\/div>\n\n<p><strong>Comment s\u2019inscrire ?<\/strong><\/p>\n<p>Compl\u00e9tez le formulaire ci-dessous. Choisissez maximum 3 modules de formation en les cochant et en les mettant par ordre de priorit\u00e9.<br \/>\nCliquez sur \u00ab envoyer \u00bb.<\/p>\n<p><strong>Et apr\u00e8s ?<\/strong><\/p>\n<p>Si vous \u00eates retenus, vous recevrez par mail une confirmation d\u2019inscription vous indiquant le jour, l\u2019heure et le lieu pr\u00e9cis de la formation. Vous serez invit\u00e9 \u00e0 nous confirmer votre pr\u00e9sence afin que nous ayons une liste la plus \u00e0 jour possible. En cas de d\u00e9sistement nous contactons les personnes sur liste d\u2019attente. Les formations Lire et Faire Lire ont beaucoup de succ\u00e8s et nous en sommes ravis.<\/p>\n<p>Nous vous rappelons que les nouveaux b\u00e9n\u00e9voles sont invit\u00e9s \u00e0 suivre le module d\u2019accueil pour une bonne compr\u00e9hension du fonctionnement et des valeurs de l\u2019association.<\/p>\n<p><strong>A consulter<\/strong><\/p>\n<ul>\n<li><a href=\"https:\/\/docs.google.com\/forms\/d\/e\/1FAIpQLSd8cc_OLk1TSrrJQG_K5nZJm4xAjxL5eTaR3sLv9mAU0631DA\/viewform\">Inscription aux formations directement en ligne<\/a><\/li>\n<li><a href=\"http:\/\/www.laligue85.org\/fra\/lireetfairelire85\/wp-content\/uploads\/sites\/6\/2020\/12\/plan-de-formation-lfl-janvier-juin2021_compressed.pdf\">Plan de formation en cours<\/a><\/li>\n<li><a href=\"http:\/\/www.laligue85.org\/fra\/lireetfairelire85\/contact\/\">Pour toutes demandes, contactez la coordination d\u00e9partementale<\/a><\/li>\n<\/ul>\n<p>[\/vc_column_text][\/vc_column][\/vc_row][vc_row][vc_column]<div class=\"vntd-carousel-holder vntd-content-element\"><div class=\"vntd-carousel vntd-blog-carousel vntd-blog posts owl-carousel blog-style-boxed blog-boxed_solid blog-meta-minimal\" data-dots=\"true\" data-nav=\"false\" data-autoplay=\"true\" data-autoplay-timeout=\"7000\" data-cols=\"3\" data-cols-tablet=\"2\" data-cols-mobile=\"1\" data-margin=\"30\">\t\t\t\n\t\t<div class=\"item post post-holder\">\n\n\t\t\t<div class=\"blog-item-inner\">\n\t\t\t\t\n\t\t\t\t\n\t\t\t\t<div class=\"post-info\">\n\t\t\t\t\n\t\t\t\t\t<h5 class=\"post-title\">\n\t\t\t\t\t\t<a href=\"https:\/\/www.laligue85.org\/fra\/lireetfairelire85\/2021\/02\/10\/rencontre-avec-emmanuelle-houssais\/\">\n\t\t\t\t\t\t\tRencontre avec Emmanuelle Houssais\t\t\t\t\t\t<\/a>\n\t\t\t\t\t<\/h5>\n\t\t\t\t\t\n\t\t\t\t\t\t\t\n\t\t<ul class=\"post-meta\">\n\t\t\t<li>\n\t\t\t\tBy \n\t\t\t\t<a class=\"meta-value\" href=\"https:\/\/www.laligue85.org\/fra\/lireetfairelire85\/author\/epiveteau\/\">epiveteau<\/a>\n\t\t\t<\/li>\n\t\t\t<li>\n\t\t\t\ton \n\t\t\t\t<span class=\"meta-value\">10 f\u00e9vrier 2021<\/span>\n\t\t\t<\/li>\n\t\t<\/ul>\n\t\t\n\t\t\t\t\t\n\t\t\t\t\t<div class=\"post-content post-excerpt\">\n\t\t\t\t\t\t<p>[vc_row][vc_column][vc_empty_space height=\u00a0\u00bb100px\u00a0\u00bb][\/vc_column][\/vc_row][vc_row][vc_column][vc_column_text]Ce jeudi 4 f\u00e9vrier, les b\u00e9n\u00e9voles de Lire et faire lire, avec \u00e0...<\/p><a href=\"https:\/\/www.laligue85.org\/fra\/lireetfairelire85\/2021\/02\/10\/rencontre-avec-emmanuelle-houssais\/\" class=\"post-more\">Read more<\/a>\t\t\n\t\t\t\t\t<\/div>\n\t\t\t\t\t\t\n\t\t\t\t<\/div>\n\t\t\t<\/div>\n\t\t<\/div>\t\n\t\t\t\t\t\t\t\n\t\t\t\t\t\n\t\t<div class=\"item post post-holder\">\n\n\t\t\t<div class=\"blog-item-inner\">\n\t\t\t\t\n\t\t\t\t\t\t\t\t\t\t\n\t\t\t\t\t\t<div class=\"post-medias\">\n\t\t\t\t\t\t\t<a href=\"https:\/\/www.laligue85.org\/fra\/lireetfairelire85\/2020\/12\/17\/rencontre-avec-clementine-sourdais\/\">\n\t\t\t\t\t\t\t\t<img decoding=\"async\" src=\"https:\/\/www.laligue85.org\/fra\/lireetfairelire85\/wp-content\/uploads\/sites\/6\/2020\/12\/Clementine-Sourdais-Ecole-Bizanet-3-600x420.jpg\" alt=\"Rencontre avec Cl\u00e9mentine Sourdais\">\n\t\t\t\t\t\t\t<\/a>\n\t\t\t\t\t\t<\/div>\n\t\t\t\t\t\t\n\t\t\t\t\t\t\n\t\t\t\t<div class=\"post-info\">\n\t\t\t\t\n\t\t\t\t\t<h5 class=\"post-title\">\n\t\t\t\t\t\t<a href=\"https:\/\/www.laligue85.org\/fra\/lireetfairelire85\/2020\/12\/17\/rencontre-avec-clementine-sourdais\/\">\n\t\t\t\t\t\t\tRencontre avec Cl\u00e9mentine Sourdais\t\t\t\t\t\t<\/a>\n\t\t\t\t\t<\/h5>\n\t\t\t\t\t\n\t\t\t\t\t\t\t\n\t\t<ul class=\"post-meta\">\n\t\t\t<li>\n\t\t\t\tBy \n\t\t\t\t<a class=\"meta-value\" href=\"https:\/\/www.laligue85.org\/fra\/lireetfairelire85\/author\/epiveteau\/\">epiveteau<\/a>\n\t\t\t<\/li>\n\t\t\t<li>\n\t\t\t\ton \n\t\t\t\t<span class=\"meta-value\">17 d\u00e9cembre 2020<\/span>\n\t\t\t<\/li>\n\t\t<\/ul>\n\t\t\n\t\t\t\t\t\n\t\t\t\t\t<div class=\"post-content post-excerpt\">\n\t\t\t\t\t\t<p>Pour d\u00e9buter cette nouvelle ann\u00e9e de lecture, le 26 novembre 2020 les b\u00e9n\u00e9voles de...<\/p><a href=\"https:\/\/www.laligue85.org\/fra\/lireetfairelire85\/2020\/12\/17\/rencontre-avec-clementine-sourdais\/\" class=\"post-more\">Read more<\/a>\t\t\n\t\t\t\t\t<\/div>\n\t\t\t\t\t\t\n\t\t\t\t<\/div>\n\t\t\t<\/div>\n\t\t<\/div>\t\n\t\t\t\t\t\t\t\n\t\t\t\t\t\n\t\t<div class=\"item post post-holder\">\n\n\t\t\t<div class=\"blog-item-inner\">\n\t\t\t\t\n\t\t\t\t\t\t\t\t\t\t\n\t\t\t\t\t\t<div class=\"post-medias\">\n\t\t\t\t\t\t\t<a href=\"https:\/\/www.laligue85.org\/fra\/lireetfairelire85\/2020\/05\/27\/rencontre-dauteur-thomas-lavachery\/\">\n\t\t\t\t\t\t\t\t<img decoding=\"async\" src=\"https:\/\/www.laligue85.org\/fra\/lireetfairelire85\/wp-content\/uploads\/sites\/6\/2020\/05\/z-600x420.png\" alt=\"Rencontre d&rsquo;auteur &#8211; Thomas Lavachery\">\n\t\t\t\t\t\t\t<\/a>\n\t\t\t\t\t\t<\/div>\n\t\t\t\t\t\t\n\t\t\t\t\t\t\n\t\t\t\t<div class=\"post-info\">\n\t\t\t\t\n\t\t\t\t\t<h5 class=\"post-title\">\n\t\t\t\t\t\t<a href=\"https:\/\/www.laligue85.org\/fra\/lireetfairelire85\/2020\/05\/27\/rencontre-dauteur-thomas-lavachery\/\">\n\t\t\t\t\t\t\tRencontre d&rsquo;auteur &#8211; Thomas Lavachery\t\t\t\t\t\t<\/a>\n\t\t\t\t\t<\/h5>\n\t\t\t\t\t\n\t\t\t\t\t\t\t\n\t\t<ul class=\"post-meta\">\n\t\t\t<li>\n\t\t\t\tBy \n\t\t\t\t<a class=\"meta-value\" href=\"https:\/\/www.laligue85.org\/fra\/lireetfairelire85\/author\/epiveteau\/\">epiveteau<\/a>\n\t\t\t<\/li>\n\t\t\t<li>\n\t\t\t\ton \n\t\t\t\t<span class=\"meta-value\">27 mai 2020<\/span>\n\t\t\t<\/li>\n\t\t<\/ul>\n\t\t\n\t\t\t\t\t\n\t\t\t\t\t<div class=\"post-content post-excerpt\">\n\t\t\t\t\t\t<p>Apr\u00e8s avoir fait la rencontre d\u2019Alfred, les b\u00e9n\u00e9voles de Lire et Faire Lire font,...<\/p><a href=\"https:\/\/www.laligue85.org\/fra\/lireetfairelire85\/2020\/05\/27\/rencontre-dauteur-thomas-lavachery\/\" class=\"post-more\">Read more<\/a>\t\t\n\t\t\t\t\t<\/div>\n\t\t\t\t\t\t\n\t\t\t\t<\/div>\n\t\t\t<\/div>\n\t\t<\/div>\t\n\t\t\t\t\t\t\t\n\t\t\t\t\t\n\t\t<div class=\"item post post-holder\">\n\n\t\t\t<div class=\"blog-item-inner\">\n\t\t\t\t\n\t\t\t\t\t\t\t\t\t\t\n\t\t\t\t\t\t<div class=\"post-medias\">\n\t\t\t\t\t\t\t<a href=\"https:\/\/www.laligue85.org\/fra\/lireetfairelire85\/2020\/05\/27\/rencontre-avec-alfred-auteur-et-illustrateur-de-bande-dessinee\/\">\n\t\t\t\t\t\t\t\t<img decoding=\"async\" src=\"https:\/\/www.laligue85.org\/fra\/lireetfairelire85\/wp-content\/uploads\/sites\/6\/2020\/05\/DSC_0044-900x-600x420.jpg\" alt=\"Rencontre avec Alfred &#8211; auteur et illustrateur de bande dessin\u00e9e\">\n\t\t\t\t\t\t\t<\/a>\n\t\t\t\t\t\t<\/div>\n\t\t\t\t\t\t\n\t\t\t\t\t\t\n\t\t\t\t<div class=\"post-info\">\n\t\t\t\t\n\t\t\t\t\t<h5 class=\"post-title\">\n\t\t\t\t\t\t<a href=\"https:\/\/www.laligue85.org\/fra\/lireetfairelire85\/2020\/05\/27\/rencontre-avec-alfred-auteur-et-illustrateur-de-bande-dessinee\/\">\n\t\t\t\t\t\t\tRencontre avec Alfred &#8211; auteur et illustrateur de bande dessin\u00e9e\t\t\t\t\t\t<\/a>\n\t\t\t\t\t<\/h5>\n\t\t\t\t\t\n\t\t\t\t\t\t\t\n\t\t<ul class=\"post-meta\">\n\t\t\t<li>\n\t\t\t\tBy \n\t\t\t\t<a class=\"meta-value\" href=\"https:\/\/www.laligue85.org\/fra\/lireetfairelire85\/author\/epiveteau\/\">epiveteau<\/a>\n\t\t\t<\/li>\n\t\t\t<li>\n\t\t\t\ton \n\t\t\t\t<span class=\"meta-value\">27 mai 2020<\/span>\n\t\t\t<\/li>\n\t\t<\/ul>\n\t\t\n\t\t\t\t\t\n\t\t\t\t\t<div class=\"post-content post-excerpt\">\n\t\t\t\t\t\t<p>Chaque ann\u00e9e la coordination d\u00e9partementale travaille en partenariat avec la Maison Gueffier (p\u00f4le litt\u00e9raire...<\/p><a href=\"https:\/\/www.laligue85.org\/fra\/lireetfairelire85\/2020\/05\/27\/rencontre-avec-alfred-auteur-et-illustrateur-de-bande-dessinee\/\" class=\"post-more\">Read more<\/a>\t\t\n\t\t\t\t\t<\/div>\n\t\t\t\t\t\t\n\t\t\t\t<\/div>\n\t\t\t<\/div>\n\t\t<\/div>\t\n\t\t\t\t\t\t\t\n\t\t\t\t\t\n\t\t<div class=\"item post post-holder\">\n\n\t\t\t<div class=\"blog-item-inner\">\n\t\t\t\t\n\t\t\t\t\t\t\t\t\t\t\n\t\t\t\t\t\t<div class=\"post-medias\">\n\t\t\t\t\t\t\t<a href=\"https:\/\/www.laligue85.org\/fra\/lireetfairelire85\/2020\/05\/27\/gestion-dun-groupe-denfants\/\">\n\t\t\t\t\t\t\t\t<img decoding=\"async\" src=\"https:\/\/www.laligue85.org\/fra\/lireetfairelire85\/wp-content\/uploads\/sites\/6\/2020\/05\/getsion-600x420.png\" alt=\"Gestion d&rsquo;un groupe d&rsquo;enfants dans le cadre des lectures\">\n\t\t\t\t\t\t\t<\/a>\n\t\t\t\t\t\t<\/div>\n\t\t\t\t\t\t\n\t\t\t\t\t\t\n\t\t\t\t<div class=\"post-info\">\n\t\t\t\t\n\t\t\t\t\t<h5 class=\"post-title\">\n\t\t\t\t\t\t<a href=\"https:\/\/www.laligue85.org\/fra\/lireetfairelire85\/2020\/05\/27\/gestion-dun-groupe-denfants\/\">\n\t\t\t\t\t\t\tGestion d&rsquo;un groupe d&rsquo;enfants dans le cadre des lectures\t\t\t\t\t\t<\/a>\n\t\t\t\t\t<\/h5>\n\t\t\t\t\t\n\t\t\t\t\t\t\t\n\t\t<ul class=\"post-meta\">\n\t\t\t<li>\n\t\t\t\tBy \n\t\t\t\t<a class=\"meta-value\" href=\"https:\/\/www.laligue85.org\/fra\/lireetfairelire85\/author\/epiveteau\/\">epiveteau<\/a>\n\t\t\t<\/li>\n\t\t\t<li>\n\t\t\t\ton \n\t\t\t\t<span class=\"meta-value\">27 mai 2020<\/span>\n\t\t\t<\/li>\n\t\t<\/ul>\n\t\t\n\t\t\t\t\t\n\t\t\t\t\t<div class=\"post-content post-excerpt\">\n\t\t\t\t\t\t<p>D\u00e9veloppement psychologique de l\u2019enfant et gestion d\u2019un groupe dans le cadre d\u2019une s\u00e9ance de...<\/p><a href=\"https:\/\/www.laligue85.org\/fra\/lireetfairelire85\/2020\/05\/27\/gestion-dun-groupe-denfants\/\" class=\"post-more\">Read more<\/a>\t\t\n\t\t\t\t\t<\/div>\n\t\t\t\t\t\t\n\t\t\t\t<\/div>\n\t\t\t<\/div>\n\t\t<\/div>\t\n\t\t\t\t\t\t\t\n\t\t\t\t\t\n\t\t<div class=\"item post post-holder\">\n\n\t\t\t<div class=\"blog-item-inner\">\n\t\t\t\t\n\t\t\t\t\t\t\t\t\t\t\n\t\t\t\t\t\t<div class=\"post-medias\">\n\t\t\t\t\t\t\t<a href=\"https:\/\/www.laligue85.org\/fra\/lireetfairelire85\/2020\/05\/27\/accueil-des-nouveaux-benevoles\/\">\n\t\t\t\t\t\t\t\t<img decoding=\"async\" src=\"https:\/\/www.laligue85.org\/fra\/lireetfairelire85\/wp-content\/uploads\/sites\/6\/2020\/05\/lfl4-600x420.png\" alt=\"Accueil des nouveaux b\u00e9n\u00e9voles\">\n\t\t\t\t\t\t\t<\/a>\n\t\t\t\t\t\t<\/div>\n\t\t\t\t\t\t\n\t\t\t\t\t\t\n\t\t\t\t<div class=\"post-info\">\n\t\t\t\t\n\t\t\t\t\t<h5 class=\"post-title\">\n\t\t\t\t\t\t<a href=\"https:\/\/www.laligue85.org\/fra\/lireetfairelire85\/2020\/05\/27\/accueil-des-nouveaux-benevoles\/\">\n\t\t\t\t\t\t\tAccueil des nouveaux b\u00e9n\u00e9voles\t\t\t\t\t\t<\/a>\n\t\t\t\t\t<\/h5>\n\t\t\t\t\t\n\t\t\t\t\t\t\t\n\t\t<ul class=\"post-meta\">\n\t\t\t<li>\n\t\t\t\tBy \n\t\t\t\t<a class=\"meta-value\" href=\"https:\/\/www.laligue85.org\/fra\/lireetfairelire85\/author\/epiveteau\/\">epiveteau<\/a>\n\t\t\t<\/li>\n\t\t\t<li>\n\t\t\t\ton \n\t\t\t\t<span class=\"meta-value\">27 mai 2020<\/span>\n\t\t\t<\/li>\n\t\t<\/ul>\n\t\t\n\t\t\t\t\t\n\t\t\t\t\t<div class=\"post-content post-excerpt\">\n\t\t\t\t\t\t<p>Une formation, des transmissions! Chaque ann\u00e9e, la coordination d\u00e9partementale accueille et forme les nouveaux...<\/p><a href=\"https:\/\/www.laligue85.org\/fra\/lireetfairelire85\/2020\/05\/27\/accueil-des-nouveaux-benevoles\/\" class=\"post-more\">Read more<\/a>\t\t\n\t\t\t\t\t<\/div>\n\t\t\t\t\t\t\n\t\t\t\t<\/div>\n\t\t\t<\/div>\n\t\t<\/div>\t\n\t\t\t\t\t\t\t\n\t\t<\/div><\/div>[\/vc_column][\/vc_row]<\/p>\n","protected":false},"excerpt":{"rendered":"<p>[vc_row][vc_column][vc_empty_space][\/vc_column][\/vc_row][vc_row][vc_column][vc_column_text] Formations Depuis la mise en place du dispositif, chaque coordination d\u00e9partementale s\u2019efforce de proposer aux b\u00e9n\u00e9voles des temps d\u2019\u00e9changes et de rencontres, avec les coordinateurs, certes, mais \u00e9galement avec des professionnels du livre, de l\u2019enfant, de l\u2019\u00e9crit ou de la mise en voix de textes. Les b\u00e9n\u00e9voles expriment parfois [&hellip;]<\/p>\n","protected":false},"author":2,"featured_media":0,"parent":0,"menu_order":0,"comment_status":"closed","ping_status":"open","template":"","meta":{"footnotes":""},"class_list":["post-325","page","type-page","status-publish","hentry"],"yoast_head":"<!-- This site is optimized with the Yoast SEO plugin v20.0 - https:\/\/yoast.com\/wordpress\/plugins\/seo\/ -->\n<title>Formations - Lire et Faire Lire Vend\u00e9e<\/title>\n<meta name=\"robots\" content=\"index, follow, max-snippet:-1, max-image-preview:large, max-video-preview:-1\" \/>\n<link rel=\"canonical\" href=\"https:\/\/www.laligue85.org\/fra\/lireetfairelire85\/formations\/\" \/>\n<meta property=\"og:locale\" content=\"fr_FR\" \/>\n<meta property=\"og:type\" content=\"article\" \/>\n<meta property=\"og:title\" content=\"Formations - Lire et Faire Lire Vend\u00e9e\" \/>\n<meta property=\"og:description\" content=\"[vc_row][vc_column][vc_empty_space][\/vc_column][\/vc_row][vc_row][vc_column][vc_column_text] Formations Depuis la mise en place du dispositif, chaque coordination d\u00e9partementale s\u2019efforce de proposer aux b\u00e9n\u00e9voles des temps d\u2019\u00e9changes et de rencontres, avec les coordinateurs, certes, mais \u00e9galement avec des professionnels du livre, de l\u2019enfant, de l\u2019\u00e9crit ou de la mise en voix de textes. Les b\u00e9n\u00e9voles expriment parfois [&hellip;]\" \/>\n<meta property=\"og:url\" content=\"https:\/\/www.laligue85.org\/fra\/lireetfairelire85\/formations\/\" \/>\n<meta property=\"og:site_name\" content=\"Lire et Faire Lire Vend\u00e9e\" \/>\n<meta property=\"article:modified_time\" content=\"2020-12-15T15:00:12+00:00\" \/>\n<meta name=\"twitter:card\" content=\"summary_large_image\" \/>\n<meta name=\"twitter:label1\" content=\"Dur\u00e9e de lecture estim\u00e9e\" \/>\n\t<meta name=\"twitter:data1\" content=\"2 minutes\" \/>\n<script type=\"application\/ld+json\" class=\"yoast-schema-graph\">{\"@context\":\"https:\/\/schema.org\",\"@graph\":[{\"@type\":\"WebPage\",\"@id\":\"https:\/\/www.laligue85.org\/fra\/lireetfairelire85\/formations\/\",\"url\":\"https:\/\/www.laligue85.org\/fra\/lireetfairelire85\/formations\/\",\"name\":\"Formations - Lire et Faire Lire Vend\u00e9e\",\"isPartOf\":{\"@id\":\"https:\/\/www.laligue85.org\/fra\/lireetfairelire85\/#website\"},\"datePublished\":\"2020-12-08T15:44:39+00:00\",\"dateModified\":\"2020-12-15T15:00:12+00:00\",\"breadcrumb\":{\"@id\":\"https:\/\/www.laligue85.org\/fra\/lireetfairelire85\/formations\/#breadcrumb\"},\"inLanguage\":\"fr-FR\",\"potentialAction\":[{\"@type\":\"ReadAction\",\"target\":[\"https:\/\/www.laligue85.org\/fra\/lireetfairelire85\/formations\/\"]}]},{\"@type\":\"BreadcrumbList\",\"@id\":\"https:\/\/www.laligue85.org\/fra\/lireetfairelire85\/formations\/#breadcrumb\",\"itemListElement\":[{\"@type\":\"ListItem\",\"position\":1,\"name\":\"Accueil\",\"item\":\"https:\/\/www.laligue85.org\/fra\/lireetfairelire85\/\"},{\"@type\":\"ListItem\",\"position\":2,\"name\":\"Formations\"}]},{\"@type\":\"WebSite\",\"@id\":\"https:\/\/www.laligue85.org\/fra\/lireetfairelire85\/#website\",\"url\":\"https:\/\/www.laligue85.org\/fra\/lireetfairelire85\/\",\"name\":\"Lire et Faire Lire Vend\u00e9e\",\"description\":\"20 ans de lectures partag\u00e9es\",\"potentialAction\":[{\"@type\":\"SearchAction\",\"target\":{\"@type\":\"EntryPoint\",\"urlTemplate\":\"https:\/\/www.laligue85.org\/fra\/lireetfairelire85\/?s={search_term_string}\"},\"query-input\":\"required name=search_term_string\"}],\"inLanguage\":\"fr-FR\"}]}<\/script>\n<!-- \/ Yoast SEO plugin. -->","yoast_head_json":{"title":"Formations - Lire et Faire Lire Vend\u00e9e","robots":{"index":"index","follow":"follow","max-snippet":"max-snippet:-1","max-image-preview":"max-image-preview:large","max-video-preview":"max-video-preview:-1"},"canonical":"https:\/\/www.laligue85.org\/fra\/lireetfairelire85\/formations\/","og_locale":"fr_FR","og_type":"article","og_title":"Formations - Lire et Faire Lire Vend\u00e9e","og_description":"[vc_row][vc_column][vc_empty_space][\/vc_column][\/vc_row][vc_row][vc_column][vc_column_text] Formations Depuis la mise en place du dispositif, chaque coordination d\u00e9partementale s\u2019efforce de proposer aux b\u00e9n\u00e9voles des temps d\u2019\u00e9changes et de rencontres, avec les coordinateurs, certes, mais \u00e9galement avec des professionnels du livre, de l\u2019enfant, de l\u2019\u00e9crit ou de la mise en voix de textes. Les b\u00e9n\u00e9voles expriment parfois [&hellip;]","og_url":"https:\/\/www.laligue85.org\/fra\/lireetfairelire85\/formations\/","og_site_name":"Lire et Faire Lire Vend\u00e9e","article_modified_time":"2020-12-15T15:00:12+00:00","twitter_card":"summary_large_image","twitter_misc":{"Dur\u00e9e de lecture estim\u00e9e":"2 minutes"},"schema":{"@context":"https:\/\/schema.org","@graph":[{"@type":"WebPage","@id":"https:\/\/www.laligue85.org\/fra\/lireetfairelire85\/formations\/","url":"https:\/\/www.laligue85.org\/fra\/lireetfairelire85\/formations\/","name":"Formations - Lire et Faire Lire Vend\u00e9e","isPartOf":{"@id":"https:\/\/www.laligue85.org\/fra\/lireetfairelire85\/#website"},"datePublished":"2020-12-08T15:44:39+00:00","dateModified":"2020-12-15T15:00:12+00:00","breadcrumb":{"@id":"https:\/\/www.laligue85.org\/fra\/lireetfairelire85\/formations\/#breadcrumb"},"inLanguage":"fr-FR","potentialAction":[{"@type":"ReadAction","target":["https:\/\/www.laligue85.org\/fra\/lireetfairelire85\/formations\/"]}]},{"@type":"BreadcrumbList","@id":"https:\/\/www.laligue85.org\/fra\/lireetfairelire85\/formations\/#breadcrumb","itemListElement":[{"@type":"ListItem","position":1,"name":"Accueil","item":"https:\/\/www.laligue85.org\/fra\/lireetfairelire85\/"},{"@type":"ListItem","position":2,"name":"Formations"}]},{"@type":"WebSite","@id":"https:\/\/www.laligue85.org\/fra\/lireetfairelire85\/#website","url":"https:\/\/www.laligue85.org\/fra\/lireetfairelire85\/","name":"Lire et Faire Lire Vend\u00e9e","description":"20 ans de lectures partag\u00e9es","potentialAction":[{"@type":"SearchAction","target":{"@type":"EntryPoint","urlTemplate":"https:\/\/www.laligue85.org\/fra\/lireetfairelire85\/?s={search_term_string}"},"query-input":"required name=search_term_string"}],"inLanguage":"fr-FR"}]}},"_links":{"self":[{"href":"https:\/\/www.laligue85.org\/fra\/lireetfairelire85\/wp-json\/wp\/v2\/pages\/325","targetHints":{"allow":["GET"]}}],"collection":[{"href":"https:\/\/www.laligue85.org\/fra\/lireetfairelire85\/wp-json\/wp\/v2\/pages"}],"about":[{"href":"https:\/\/www.laligue85.org\/fra\/lireetfairelire85\/wp-json\/wp\/v2\/types\/page"}],"author":[{"embeddable":true,"href":"https:\/\/www.laligue85.org\/fra\/lireetfairelire85\/wp-json\/wp\/v2\/users\/2"}],"replies":[{"embeddable":true,"href":"https:\/\/www.laligue85.org\/fra\/lireetfairelire85\/wp-json\/wp\/v2\/comments?post=325"}],"version-history":[{"count":3,"href":"https:\/\/www.laligue85.org\/fra\/lireetfairelire85\/wp-json\/wp\/v2\/pages\/325\/revisions"}],"predecessor-version":[{"id":390,"href":"https:\/\/www.laligue85.org\/fra\/lireetfairelire85\/wp-json\/wp\/v2\/pages\/325\/revisions\/390"}],"wp:attachment":[{"href":"https:\/\/www.laligue85.org\/fra\/lireetfairelire85\/wp-json\/wp\/v2\/media?parent=325"}],"curies":[{"name":"wp","href":"https:\/\/api.w.org\/{rel}","templated":true}]}}