{"id":336,"date":"2020-12-08T18:12:04","date_gmt":"2020-12-08T17:12:04","guid":{"rendered":"http:\/\/www.laligue85.org\/fra\/lireetfairelire85\/?page_id=336"},"modified":"2020-12-17T09:40:03","modified_gmt":"2020-12-17T08:40:03","slug":"organisation-locale-et-nationale","status":"publish","type":"page","link":"https:\/\/www.laligue85.org\/fra\/lireetfairelire85\/organisation-locale-et-nationale\/","title":{"rendered":"Organisation locale et nationale"},"content":{"rendered":"<p>[vc_row][vc_column][vc_empty_space][\/vc_column][\/vc_row][vc_row equal_height=\u00a0\u00bbyes\u00a0\u00bb content_placement=\u00a0\u00bbmiddle\u00a0\u00bb css=\u00a0\u00bb.vc_custom_1493822310034{padding-top: 90px !important;padding-bottom: 90px !important;}\u00a0\u00bb][vc_column width=\u00a0\u00bb1\/2&Prime; col_padding=\u00a0\u00bb2&Prime; col_padding_side=\u00a0\u00bbright\u00a0\u00bb][vc_column_text font_size=\u00a0\u00bbmedium\u00a0\u00bb]<\/p>\n<h1>Organisation locale et nationale<\/h1>\n<h5>Un niveau national<\/h5>\n<p><span style=\"font-size: 10pt;\"><a href=\"https:\/\/www.lireetfairelire.org\/\">Lire et Faire Lire<\/a> est une association qui m\u00e8ne ses actions en partenariat avec la Ligue de l\u2019Enseignement et l\u2019Union Nationale des Associations Familiales (UNAF). C\u2019est un programme national d\u2019ouverture \u00e0 la lecture et \u00e0 l\u2019\u00e9change interg\u00e9n\u00e9rationnel.<\/span>[\/vc_column_text][\/vc_column][vc_column width=\u00a0\u00bb1\/2&Prime; col_padding=\u00a0\u00bb2&Prime; col_padding_side=\u00a0\u00bbleft\u00a0\u00bb][vc_single_image image=\u00a0\u00bb309&Prime; img_size=\u00a0\u00bb100X100&Prime; css_animation=\u00a0\u00bbnone\u00a0\u00bb css=\u00a0\u00bb.vc_custom_1608194329971{margin-bottom: 0px !important;}\u00a0\u00bb][\/vc_column][\/vc_row][vc_row equal_height=\u00a0\u00bbyes\u00a0\u00bb content_placement=\u00a0\u00bbmiddle\u00a0\u00bb css=\u00a0\u00bb.vc_custom_1493822310034{padding-top: 90px !important;padding-bottom: 90px !important;}\u00a0\u00bb][vc_column width=\u00a0\u00bb1\/2&Prime; col_padding=\u00a0\u00bb2&Prime; col_padding_side=\u00a0\u00bbright\u00a0\u00bb][vc_column_text font_size=\u00a0\u00bbmedium\u00a0\u00bb]<\/p>\n<h5>Une coordination d\u00e9partementale<\/h5>\n<p>La coordination d\u00e9partementale est assur\u00e9e par <a href=\"http:\/\/www.laligue85.org\/fra\/\">La Ligue de l&rsquo;enseignement &#8211; F.O.L. Vend\u00e9e<\/a>.<\/p>\n<p><span style=\"font-size: 10pt;\">Association d\u2019\u00e9ducation populaire compl\u00e9mentaire de l\u2019Ecole et actrice de l\u2019Economie sociale et solidaire, la Ligue de l\u2019enseignement\u2013F\u00e9d\u00e9ration de Vend\u00e9e regroupe autour de ses valeurs et principes-la\u00efcit\u00e9, citoyennet\u00e9,solidarit\u00e9 plus de 200 associations dans le d\u00e9partement. Elle agit au quotidien dans le cadre de multiples activit\u00e9s et projets sur des th\u00e9matiques transversales et compl\u00e9mentaires aupr\u00e8s des tout-petits, des enfants, des jeunes, des familles et des seniors. Education, culture, action sociale, vie associative, environnement, num\u00e9rique, sport, d\u00e9mocratie: la diversit\u00e9 des actions contribue \u00e0 faire vivre les valeurs sur le territoire en favorisant l\u2019engagement des citoyens.<\/span>[\/vc_column_text][\/vc_column][vc_column width=\u00a0\u00bb1\/2&Prime; col_padding=\u00a0\u00bb2&Prime; col_padding_side=\u00a0\u00bbleft\u00a0\u00bb][vc_single_image image=\u00a0\u00bb122&Prime; img_size=\u00a0\u00bb200X100&Prime; css_animation=\u00a0\u00bbnone\u00a0\u00bb css=\u00a0\u00bb.vc_custom_1607446766109{margin-bottom: 0px !important;}\u00a0\u00bb][\/vc_column][\/vc_row][vc_row][vc_column][vc_column_text]<span style=\"font-size: 10pt;\">La coordination Lire et faire lire met en place les conditions pour que le programme r\u00e9ponde aux attentes formul\u00e9es par les b\u00e9n\u00e9voles et les enfants, en coh\u00e9rences avec les acteurs du syst\u00e8me \u00e9ducatif (enseignements, biblioth\u00e9caires, \u00e9ducateurs,\u2026) et les parents. Elle met \u00e9galement \u00e0 disposition des moyens et des savoir faire associatifs pour assurer la mise en place, le d\u00e9veloppement et la p\u00e9rennit\u00e9 du programme.<\/span><\/p>\n<p><span style=\"font-size: 10pt;\"><strong>Comment ?<\/strong><\/span><\/p>\n<p><span style=\"font-size: 10pt;\">La coordination d\u00e9partementale assure le suivi administratif, partenarial et financier du dispositif. Elle propose une offre de formation construite avec des partenaires \u00e0 partir de th\u00e9matiques vari\u00e9es : choix des livres, gestion de groupe, mise en voix, rencontres d\u2019auteurs\u2026<\/span><\/p>\n<p><span style=\"font-size: 10pt;\"><strong>Quelques chiffres en Vend\u00e9e :<\/strong><\/span><\/p>\n<ul>\n<li><span style=\"font-size: 10pt;\">571 b\u00e9n\u00e9voles lecteurs intervenants<\/span><\/li>\n<li><span style=\"font-size: 10pt;\">12 000 enfants b\u00e9n\u00e9ficiant des interventions<\/span><\/li>\n<li><span style=\"font-size: 10pt;\">267 structures \u00e9ducatives engag\u00e9es : \u00e9coles, coll\u00e8ges, structures petite enfance, h\u00f4pitaux, foyer d\u00e9partemental de l\u2019enfance\u2026<\/span><\/li>\n<li><span style=\"font-size: 10pt;\">136 communes de Vend\u00e9e concern\u00e9es<\/span><\/li>\n<li><span style=\"font-size: 10pt;\">17 b\u00e9n\u00e9voles relais<\/span><\/li>\n<li><span style=\"font-size: 10pt;\">14 modules de formations en 2019 soit 247 participants<\/span><\/li>\n<\/ul>\n<h4><span style=\"font-size: 10pt;\">Une \u00e9quipe de b\u00e9n\u00e9voles relais<\/span><\/h4>\n<p><span style=\"font-size: 10pt;\">L\u2019\u00e9quipe d\u00e9partementale est compos\u00e9e de la coordination d\u00e9partementale et d\u2019une dizaine de b\u00e9n\u00e9voles relais agissant au local sur des secteurs g\u00e9ographies. Les b\u00e9n\u00e9voles relais, en lien avec la coordination, assure la mise en \u0153uvre d\u2019actions de convivialit\u00e9 comme des r\u00e9unions de secteur, des repas ou des gouters coup de coeur. Ils rencontrent chaque nouveaux b\u00e9n\u00e9voles afin de l\u2019orienter vers une structure \u00e9ducative. Ils sont \u00e9galement en contact avec les structures afin de suivre les lectures. Ces derniers participent \u00e0 des r\u00e9unions \u00e0 La Roche-sur-Yon avec la coordination d\u00e9partementale pour planifier des actions et r\u00e9fl\u00e9chir au d\u00e9veloppement de Lire et Faire Lire sur le territoire. Les b\u00e9n\u00e9voles relais sont parfois \u00e9paul\u00e9s par des b\u00e9n\u00e9voles r\u00e9f\u00e9rents pr\u00e9sents sur chaque structure.<\/span><\/p>\n<p><span style=\"font-size: 10pt;\"><a href=\"http:\/\/www.laligue85.org\/fra\/lireetfairelire85\/2020\/12\/15\/benevoles-relais\/\">En savoir plus sur l&rsquo;\u00e9quipe de b\u00e9n\u00e9voles relais<\/a><\/span>[\/vc_column_text][\/vc_column][\/vc_row]<\/p>\n","protected":false},"excerpt":{"rendered":"<p>[vc_row][vc_column][vc_empty_space][\/vc_column][\/vc_row][vc_row equal_height=\u00a0\u00bbyes\u00a0\u00bb content_placement=\u00a0\u00bbmiddle\u00a0\u00bb css=\u00a0\u00bb.vc_custom_1493822310034{padding-top: 90px !important;padding-bottom: 90px !important;}\u00a0\u00bb][vc_column width=\u00a0\u00bb1\/2&Prime; col_padding=\u00a0\u00bb2&Prime; col_padding_side=\u00a0\u00bbright\u00a0\u00bb][vc_column_text font_size=\u00a0\u00bbmedium\u00a0\u00bb] Organisation locale et nationale Un niveau national Lire et Faire Lire est une association qui m\u00e8ne ses actions en partenariat avec la Ligue de l\u2019Enseignement et l\u2019Union Nationale des Associations Familiales (UNAF). C\u2019est un programme national d\u2019ouverture \u00e0 [&hellip;]<\/p>\n","protected":false},"author":2,"featured_media":0,"parent":0,"menu_order":0,"comment_status":"closed","ping_status":"closed","template":"","meta":{"footnotes":""},"class_list":["post-336","page","type-page","status-publish","hentry"],"yoast_head":"<!-- This site is optimized with the Yoast SEO plugin v20.0 - https:\/\/yoast.com\/wordpress\/plugins\/seo\/ -->\n<title>Organisation locale et nationale - Lire et Faire Lire Vend\u00e9e<\/title>\n<meta name=\"robots\" content=\"index, follow, max-snippet:-1, max-image-preview:large, max-video-preview:-1\" \/>\n<link rel=\"canonical\" href=\"https:\/\/www.laligue85.org\/fra\/lireetfairelire85\/organisation-locale-et-nationale\/\" \/>\n<meta property=\"og:locale\" content=\"fr_FR\" \/>\n<meta property=\"og:type\" content=\"article\" \/>\n<meta property=\"og:title\" content=\"Organisation locale et nationale - Lire et Faire Lire Vend\u00e9e\" \/>\n<meta property=\"og:description\" content=\"[vc_row][vc_column][vc_empty_space][\/vc_column][\/vc_row][vc_row equal_height=\u00a0\u00bbyes\u00a0\u00bb content_placement=\u00a0\u00bbmiddle\u00a0\u00bb css=\u00a0\u00bb.vc_custom_1493822310034{padding-top: 90px !important;padding-bottom: 90px !important;}\u00a0\u00bb][vc_column width=\u00a0\u00bb1\/2&Prime; col_padding=\u00a0\u00bb2&Prime; col_padding_side=\u00a0\u00bbright\u00a0\u00bb][vc_column_text font_size=\u00a0\u00bbmedium\u00a0\u00bb] Organisation locale et nationale Un niveau national Lire et Faire Lire est une association qui m\u00e8ne ses actions en partenariat avec la Ligue de l\u2019Enseignement et l\u2019Union Nationale des Associations Familiales (UNAF). C\u2019est un programme national d\u2019ouverture \u00e0 [&hellip;]\" \/>\n<meta property=\"og:url\" content=\"https:\/\/www.laligue85.org\/fra\/lireetfairelire85\/organisation-locale-et-nationale\/\" \/>\n<meta property=\"og:site_name\" content=\"Lire et Faire Lire Vend\u00e9e\" \/>\n<meta property=\"article:modified_time\" content=\"2020-12-17T08:40:03+00:00\" \/>\n<meta name=\"twitter:card\" content=\"summary_large_image\" \/>\n<meta name=\"twitter:label1\" content=\"Dur\u00e9e de lecture estim\u00e9e\" \/>\n\t<meta name=\"twitter:data1\" content=\"3 minutes\" \/>\n<script type=\"application\/ld+json\" class=\"yoast-schema-graph\">{\"@context\":\"https:\/\/schema.org\",\"@graph\":[{\"@type\":\"WebPage\",\"@id\":\"https:\/\/www.laligue85.org\/fra\/lireetfairelire85\/organisation-locale-et-nationale\/\",\"url\":\"https:\/\/www.laligue85.org\/fra\/lireetfairelire85\/organisation-locale-et-nationale\/\",\"name\":\"Organisation locale et nationale - Lire et Faire Lire Vend\u00e9e\",\"isPartOf\":{\"@id\":\"https:\/\/www.laligue85.org\/fra\/lireetfairelire85\/#website\"},\"datePublished\":\"2020-12-08T17:12:04+00:00\",\"dateModified\":\"2020-12-17T08:40:03+00:00\",\"breadcrumb\":{\"@id\":\"https:\/\/www.laligue85.org\/fra\/lireetfairelire85\/organisation-locale-et-nationale\/#breadcrumb\"},\"inLanguage\":\"fr-FR\",\"potentialAction\":[{\"@type\":\"ReadAction\",\"target\":[\"https:\/\/www.laligue85.org\/fra\/lireetfairelire85\/organisation-locale-et-nationale\/\"]}]},{\"@type\":\"BreadcrumbList\",\"@id\":\"https:\/\/www.laligue85.org\/fra\/lireetfairelire85\/organisation-locale-et-nationale\/#breadcrumb\",\"itemListElement\":[{\"@type\":\"ListItem\",\"position\":1,\"name\":\"Accueil\",\"item\":\"https:\/\/www.laligue85.org\/fra\/lireetfairelire85\/\"},{\"@type\":\"ListItem\",\"position\":2,\"name\":\"Organisation locale et nationale\"}]},{\"@type\":\"WebSite\",\"@id\":\"https:\/\/www.laligue85.org\/fra\/lireetfairelire85\/#website\",\"url\":\"https:\/\/www.laligue85.org\/fra\/lireetfairelire85\/\",\"name\":\"Lire et Faire Lire Vend\u00e9e\",\"description\":\"20 ans de lectures partag\u00e9es\",\"potentialAction\":[{\"@type\":\"SearchAction\",\"target\":{\"@type\":\"EntryPoint\",\"urlTemplate\":\"https:\/\/www.laligue85.org\/fra\/lireetfairelire85\/?s={search_term_string}\"},\"query-input\":\"required name=search_term_string\"}],\"inLanguage\":\"fr-FR\"}]}<\/script>\n<!-- \/ Yoast SEO plugin. -->","yoast_head_json":{"title":"Organisation locale et nationale - Lire et Faire Lire Vend\u00e9e","robots":{"index":"index","follow":"follow","max-snippet":"max-snippet:-1","max-image-preview":"max-image-preview:large","max-video-preview":"max-video-preview:-1"},"canonical":"https:\/\/www.laligue85.org\/fra\/lireetfairelire85\/organisation-locale-et-nationale\/","og_locale":"fr_FR","og_type":"article","og_title":"Organisation locale et nationale - Lire et Faire Lire Vend\u00e9e","og_description":"[vc_row][vc_column][vc_empty_space][\/vc_column][\/vc_row][vc_row equal_height=\u00a0\u00bbyes\u00a0\u00bb content_placement=\u00a0\u00bbmiddle\u00a0\u00bb css=\u00a0\u00bb.vc_custom_1493822310034{padding-top: 90px !important;padding-bottom: 90px !important;}\u00a0\u00bb][vc_column width=\u00a0\u00bb1\/2&Prime; col_padding=\u00a0\u00bb2&Prime; col_padding_side=\u00a0\u00bbright\u00a0\u00bb][vc_column_text font_size=\u00a0\u00bbmedium\u00a0\u00bb] Organisation locale et nationale Un niveau national Lire et Faire Lire est une association qui m\u00e8ne ses actions en partenariat avec la Ligue de l\u2019Enseignement et l\u2019Union Nationale des Associations Familiales (UNAF). C\u2019est un programme national d\u2019ouverture \u00e0 [&hellip;]","og_url":"https:\/\/www.laligue85.org\/fra\/lireetfairelire85\/organisation-locale-et-nationale\/","og_site_name":"Lire et Faire Lire Vend\u00e9e","article_modified_time":"2020-12-17T08:40:03+00:00","twitter_card":"summary_large_image","twitter_misc":{"Dur\u00e9e de lecture estim\u00e9e":"3 minutes"},"schema":{"@context":"https:\/\/schema.org","@graph":[{"@type":"WebPage","@id":"https:\/\/www.laligue85.org\/fra\/lireetfairelire85\/organisation-locale-et-nationale\/","url":"https:\/\/www.laligue85.org\/fra\/lireetfairelire85\/organisation-locale-et-nationale\/","name":"Organisation locale et nationale - Lire et Faire Lire Vend\u00e9e","isPartOf":{"@id":"https:\/\/www.laligue85.org\/fra\/lireetfairelire85\/#website"},"datePublished":"2020-12-08T17:12:04+00:00","dateModified":"2020-12-17T08:40:03+00:00","breadcrumb":{"@id":"https:\/\/www.laligue85.org\/fra\/lireetfairelire85\/organisation-locale-et-nationale\/#breadcrumb"},"inLanguage":"fr-FR","potentialAction":[{"@type":"ReadAction","target":["https:\/\/www.laligue85.org\/fra\/lireetfairelire85\/organisation-locale-et-nationale\/"]}]},{"@type":"BreadcrumbList","@id":"https:\/\/www.laligue85.org\/fra\/lireetfairelire85\/organisation-locale-et-nationale\/#breadcrumb","itemListElement":[{"@type":"ListItem","position":1,"name":"Accueil","item":"https:\/\/www.laligue85.org\/fra\/lireetfairelire85\/"},{"@type":"ListItem","position":2,"name":"Organisation locale et nationale"}]},{"@type":"WebSite","@id":"https:\/\/www.laligue85.org\/fra\/lireetfairelire85\/#website","url":"https:\/\/www.laligue85.org\/fra\/lireetfairelire85\/","name":"Lire et Faire Lire Vend\u00e9e","description":"20 ans de lectures partag\u00e9es","potentialAction":[{"@type":"SearchAction","target":{"@type":"EntryPoint","urlTemplate":"https:\/\/www.laligue85.org\/fra\/lireetfairelire85\/?s={search_term_string}"},"query-input":"required name=search_term_string"}],"inLanguage":"fr-FR"}]}},"_links":{"self":[{"href":"https:\/\/www.laligue85.org\/fra\/lireetfairelire85\/wp-json\/wp\/v2\/pages\/336","targetHints":{"allow":["GET"]}}],"collection":[{"href":"https:\/\/www.laligue85.org\/fra\/lireetfairelire85\/wp-json\/wp\/v2\/pages"}],"about":[{"href":"https:\/\/www.laligue85.org\/fra\/lireetfairelire85\/wp-json\/wp\/v2\/types\/page"}],"author":[{"embeddable":true,"href":"https:\/\/www.laligue85.org\/fra\/lireetfairelire85\/wp-json\/wp\/v2\/users\/2"}],"replies":[{"embeddable":true,"href":"https:\/\/www.laligue85.org\/fra\/lireetfairelire85\/wp-json\/wp\/v2\/comments?post=336"}],"version-history":[{"count":10,"href":"https:\/\/www.laligue85.org\/fra\/lireetfairelire85\/wp-json\/wp\/v2\/pages\/336\/revisions"}],"predecessor-version":[{"id":483,"href":"https:\/\/www.laligue85.org\/fra\/lireetfairelire85\/wp-json\/wp\/v2\/pages\/336\/revisions\/483"}],"wp:attachment":[{"href":"https:\/\/www.laligue85.org\/fra\/lireetfairelire85\/wp-json\/wp\/v2\/media?parent=336"}],"curies":[{"name":"wp","href":"https:\/\/api.w.org\/{rel}","templated":true}]}}